9. What is f(5)?
19
Let v(i) = -19*i**3 + 22*i**2 - 4*i + 1. Determine v(2).
-71
Let n(h) = -12*h - 401. Give n(-35).
19
Let c(l) = l**2 + 27*l - 25. What is c(-16)?
-201
Let v(y) = 49*y + 741. Give v(-14).
55
Let a(l) = -10996*l + 54983. Determine a(5).
3
Let g(q) = q**3 - 30*q**2 + 56*q - 17. Calculate g(28).
-17
Let o(y) = -917*y - 4594. What is o(-5)?
-9
Let j(x) = x**3 - 221*x**2 - 223*x + 214. Give j(222).
-8
Let n(m) = -m**3 + 24*m**2 - 20*m + 83. What is n(23)?
152
Let m(j) = -j**3 + 3*j**2 - 14*j + 56. Determine m(4).
-16
Let h(i) = -i**2 + 49*i + 2959. Give h(84).
19
Let b(l) = -39*l + 1687. Give b(41).
88
Let a(g) = 4*g**3 - 9*g**2 - 39*g - 3. Give a(-4).
-247
Let c(i) = 42*i**2 - 839*i - 6. Determine c(20).
14
Let l(g) = -10*g**2 + 92*g + 184. Determine l(12).
-152
Let q(l) = -3*l**2 + 42*l + 1875. Determine q(-19).
-6
Let l(w) = -144*w**2 - 18*w + 14. Determine l(1).
-148
Let c(h) = h**3 - 42*h**2 - 11*h + 140. Calculate c(42).
-322
Let z(f) = -f**3 + 4*f**2 + 181*f + 189. Give z(-11).
13
Let r(y) = y**3 + 14*y**2 + 15*y - 13. Calculate r(-11).
185
Let z(p) = p**2 + 364*p + 24304. What is z(-88)?
16
Let s(m) = -m**3 + 8*m**2 + 6*m + 7. Calculate s(5).
112
Let l(i) = -821*i - 8207. Give l(-10).
3
Let f(d) = -3*d**2 - 123*d + 993. Give f(8).
-183
Let z(d) = d**2 + 65*d - 650. What is z(8)?
-66
Let n(h) = 45*h - 9. Give n(1).
36
Let y(b) = -629*b - 634. Calculate y(-1).
-5
Let u(b) = 44*b - 210. Determine u(5).
10
Let a(k) = k**2 - 149*k - 4155. Determine a(-24).
-3
Let i(m) = -m**3 + 9*m**2 + 18*m - 22. Give i(10).
58
Let g(d) = -d**2 + 608*d - 3009. Give g(5).
6
Let j(c) = c**2 - 4*c + 12. Give j(-4).
44
Let z(q) = 26*q + 724. Give z(-37).
-238
Let u(w) = -593*w - 14234. Calculate u(-24).
-2
Let w(r) = -8*r**3 + r**2 + r - 246. What is w(0)?
-246
Let l(z) = 826*z**2 + 31391*z + 116. Determine l(-38).
2
Let q(u) = -u**2 - 9*u + 23. What is q(-15)?
-67
Let l(n) = n**2 + 14*n - 147. Determine l(-21).
0
Let w(y) = -45*y**2 - 49*y + 51. What is w(1)?
-43
Let u(n) = n**2 - 16*n - 32. Give u(6).
-92
Let n(w) = 149*w - 916. Give n(6).
-22
Let y(c) = 211*c + 2114. Determine y(-10).
4
Let f(o) = 71*o + 63. Give f(-3).
-150
Let a(m) = -m**3 - 26*m**2 - 45*m + 58. Give a(-24).
-14
Let c(x) = -x**3 - 58*x**2 - 51*x - 53. Give c(-57).
-395
Let s(z) = -4*z**3 - 26*z**2 + 8*z + 115. Give s(-6).
-5
Let t(x) = -3233*x - 193974. What is t(-60)?
6
Let k(y) = 3*y**2 - 18*y + 6. Give k(2).
-18
Let o(u) = 1150*u - 5754. What is o(5)?
-4
Let r(f) = -22*f + 91. Determine r(2).
47
Let m(c) = -c**3 + c**2 + 73*c - 4. Give m(-8).
-12
Let b(v) = 9*v**2 - 19*v - 19. What is b(-1)?
9
Let x(u) = -u**3 + 43*u**2 - 253*u - 11. Calculate x(7).
-18
Let z(o) = o**3 - 56*o**2 - 133*o + 991. Give z(58).
5
Let r(y) = -7*y**3 - 6*y**2 - 5*y + 1. Give r(-2).
43
Let m(f) = -31*f - 527. Determine m(-16).
-31
Let l(i) = i**3 - 7*i**2 - 580*i + 3505. What is l(6)?
-11
Let c(k) = -10*k + 1. What is c(33)?
-329
Let j(g) = 16*g**2 - 15*g + 73. What is j(5)?
398
Let t(j) = -133*j + 133. Determine t(1).
0
Let t(v) = v**3 - 11*v**2 - 36*v - 19. Give t(14).
65
Let p(t) = -65*t - 2793. Give p(-43).
2
Let p(n) = -94*n + 561. Determine p(6).
-3
Let d(r) = 28*r**2 + 510*r - 412. Determine d(-19).
6
Let a(l) = l**3 - 7*l**2 - 4*l + 36. What is a(2)?
8
Let p(m) = m**2 + 82*m - 718. Calculate p(8).
2
Let h(r) = -14*r - 199. Calculate h(-24).
137
Let k(t) = t**2 - 15*t + 6. Give k(0).
6
Let o(l) = -l**2 + 4*l + 52. Give o(-13).
-169
Let v(p) = -52*p**2 - 245*p + 12. What is v(-5)?
-63
Let f(x) = 8*x**2 - 3*x. Determine f(3).
63
Let q(l) = -285*l - 1414. Calculate q(-5).
11
Let r(f) = -92*f - 305. What is r(-7)?
339
Let k(c) = 67*c - 2124. Determine k(32).
20
Let i(f) = 4436*f - 332701. What is i(75)?
-1
Let n(c) = c**2 + 44*c - 150. Determine n(-47).
-9
Let h(k) = -24*k**2 - 575*k + 35. Calculate h(-24).
11
Let t(z) = 38*z - 297. Determine t(3).
-183
Let s(h) = -15*h**2 + 407*h + 4125. Give s(35).
-5
Let y(c) = -5*c**3 + 45*c**2 - 41*c + 6. Give y(8).
-2
Let c(d) = 2*d**2 + 38*d + 263. Calculate c(-8).
87
Let f(b) = -b**2 - 40*b - 111. Determine f(-36).
33
Let r(m) = -2*m**3 - 13*m**2 + 88*m + 19. What is r(5)?
-116
Let q(z) = 83*z + 326. Give q(-3).
77
Let c(m) = -40*m - 1822. Give c(-46).
18
Let m(b) = -7*b**3 + 55*b**2 + 4*b - 7. Determine m(8).
-39
Let h(c) = -c**3 - 17*c**2 + 7*c + 42. What is h(-17)?
-77
Let v(l) = -32*l - 148. Calculate v(0).
-148
Let g(x) = -x**3 + 8*x**2 + 61*x - 492. What is g(7)?
-16
Let j(q) = 300*q - 901. Calculate j(3).
-1
Let l(i) = 3*i**3 + 7*i**2 - 9*i - 90. Determine l(-6).
-432
Let h(y) = 2*y**3 - 76*y**2 - 75*y - 102. Give h(39).
15
Let k(z) = -47*z + 1358. Calculate k(29).
-5
Let n(t) = 7*t**2 - 3*t - 5. Calculate n(1).
-1
Let t(j) = 3*j + 14. What is t(-9)?
-13
Let o(g) = -g**2 - 427*g + 6617. Determine o(15).
-13
Let o(n) = 200*n + 1873. What is o(-9)?
73
Let t(o) = 1188*o - 8323. Calculate t(7).
-7
Let a(i) = -i**3 - 24*i**2 - 56*i + 475. What is a(-20)?
-5
Let t(z) = -4*z**3 - 20*z**2 + 15*z + 19. What is t(-6)?
73
Let b(v) = 29*v - 1924. Determine b(66).
-10
Let p(r) = 92*r**2 - r + 16. What is p(-3)?
847
Let n(m) = -2*m**3 + 6*m**2 - 30*m + 11. Give n(5).
-239
Let q(k) = -k**3 + 17*k**2 + 92*k - 1740. Determine q(16).
-12
Let x(a) = a**3 + 30*a**2 - 252*a + 402. What is x(-37)?
143
Let x(t) = t - 23. Determine x(-1).
-24
Let l(n) = -2*n**3 + 2*n**2 + 6*n - 4. Give l(3).
-22
Let u(j) = j**2 - 19*j - 16. Determine u(12).
-100
Let o(v) = -v**2 - 32*v + 835. Calculate o(17).
2
Let w(z) = 3*z**2 - 469*z - 2892. Give w(-6).
30
Let r(b) = -2*b**2 + 169*b - 63. Calculate r(84).
21
Let u(p) = p**3 - 14*p**2 - 30*p + 74. Determine u(16).
106
Let t(c) = -3*c**3 - 218*c**2 - 147*c - 226. Determine t(-72).
-10
Let w(r) = r**2 - 39*r + 216. Determine w(14).
-134
Let r(d) = 21*d + 206. Calculate r(-7).
59
Let b(q) = -26*q + 857. Determine b(33).
-1
Let q(h) = -3*h**2 - 12*h - 11. Determine q(-4).
-11
Let q(g) = 13*g - 27. What is q(3)?
12
Let k(w) = 96*w**3 + 2*w + 7. Give k(-2).
-765
Let a(m) = 628*m + 9433. Give a(-15).
13
Let s(z) = 108*z + 199. Give s(-2).
-17
Let x(u) = -u + 454. What is x(45)?
409
Let l(r) = -441*r + 2128. Give l(5).
-77
Let l(g) = -g**2 - 1293*g + 171087. Calculate l(121).
-7
Let i(l) = 3*l**2 - 13276*l + 39815. What is i(3)?
14
Let v(z) = 2*z**3 + z**2 + 63*z - 300. Determine v(5).
290
Let r(o) = o**3 + 13*o**2 + 13*o + 193. Give r(-13).
24
Let g(k) = -k**2 + 278*k + 6939. Determine g(-23).
16
Let m(d) = 2*d**3 + 12*d**2 - 94*d - 11. Determine m(5).
69
Let a(q) = 73*q + 3187. Determine a(-40).
267
Let c(b) = -1720*b + 3452. Determine c(2).
12
Let v(d) = -12*d - 50. Calculate v(-10).
70
Let s(k) = k**3 - k**2 - 43*k - 93. Calculate s(-4).
-1
Let m(p) = -33*p - 725. Calculate m(-28).
199
Let t(i) = -5*i - 5. Give t(-2).
5
Let q(w) = -7*w**3 - 4*w**2 + 28*w + 61. Give q(-2).
45
Let k(j) = -50*j - 294. What is k(-7)?
56
Let h(n) = -n**2 - 569*n + 364618. Give h(383).
2
Let v(n) = 10*n - 881. Calculate v(32).
-561
Let c(f) = f**2 - 36*f + 300. Determine c(22).
-8
Let u(j) = -3*j**2 - 30*j + 45. Calculate u(-12).
-27
Let y(v) = -630*v + 3779. Determine y(6).
-1
Let u(l) = l**3 - 25*l**2 - 19*l - 192. What is u(26)?
-10
Let d(f) = -f**2 + 13*f + 25. Determine d(-4).
-43
Let x(k) = -1010*k - 12096. Give x(-12).
24
Let l(z) = 2*z**3 + 22*z**2 + 32*z - 110. Determine l(-8).
18
Let n(p) = -59*p**2 - 233*p + 231. Calculate n(1).
-61
Let h(f) = -f**2 - 369*f + 23805. Calculate h(56).
5
Let u(v) = -3081*v + 70859. Calculate u(23).
-4
Let y(b) = b**2 - 91*b + 437. What is y(5)?
7
Let z(i) = -50*i**3 + 3*i**2 + 118*i - 239. Calculate z(2).
-391
Let d(l) = -36*l**2 + 187*l - 26. Determine d(5).
9
Let j(i) = 206*i + 888. What is j(-5)?
-142
Let x(p) = p**2 + 24*p - 26. Determine x(-16).
-154
Let m(d) = -d**3 + 22*d**2 + 9*d - 54. Give m(22).
144
Let h(s) = -294*s - 13. What is h(0)?
-13
Let j(f) = 47*f + 2588. Calculate j(-52).
144
Let f(q) = 28*q**2 + 3*q + 11. Give f(-3).
254
Let l(k) = -59*k + 28. Calculate l(-1).
87
Let a(t) = -t**3 - 8*t**2 + 16*t + 108. Calculate a(-9).
45
Let v(j) = -1465*j + 2930. Determine v(2).
0
Let c(p) = -2*p**2 - 33*p - 56. Determine c(-16).
-40
Let o(g) = 105*g - 1228. Determine o(12).
32
Let q(g) = -2*g**3 + 304*g**2 -